k**2 + k. Let c be s(-1). Let u = r + c. List the prime factors of u.
2
Let t = -123 + 120. List the prime factors of ((-48)/60)/((-2)/(-1605)*t).
2, 107
Let n(w) = -w**2 - 2*w + 3. Let m be n(-3). Suppose 5*a = 5*u + 10 - 15, 7 = 4*u - 5*a. List the prime factors of u + 1 - m - -4.
3
List the prime factors of 10/(-45) + 11306/9 + 7.
3, 421
Let x(c) = -3*c**3 - 6*c**2 - c - 7. Let w be x(-3). Suppose -w = -0*v - v. List the prime factors of v.
23
Suppose 3*c + u - 962 = 0, -10*c = -7*c - 3*u - 942. What are the prime factors of c?
11, 29
Let t = 925 - 112. What are the prime factors of t?
3, 271
Let x(b) = -3*b**3 - 3*b**2 - b - 6. Let j be (-38)/14 - (-12)/(-42). List the prime factors of x(j).
3, 17
Let b(s) be the second derivative of 97*s**3/6 + 29*s. List the prime factors of b(2).
2, 97
Suppose 5*k - 2466 = 3*k - 2*f, -5*f + 4927 = 4*k. List the prime factors of k.
2, 619
Let j(h) = 31*h**2 + 13*h + 49. What are the prime factors of j(8)?
2137
Let b(s) = 5*s - 3*s - 1 - 6*s + 3. Suppose 2*o + 24 = -3*u - u, -33 = 5*o + u. List the prime factors of b(o).
2, 13
Let f be (-12)/(-6) + (-2 - 0). Suppose 4*c - 54 = -u, -5*u - c + 153 + 98 = f. What are the prime factors of u?
2, 5
Let x(f) = -f**3 + 7*f**2 - 2*f + 4. Let i be 2/(-1 - -3) + -4. Let s be 1*((-6)/(-2) - i). What are the prime factors of x(s)?
2, 7
Suppose -3*k - 28 = -p, -4*p + 85 = -4*k + 13. Suppose 0 = -n + p - 5. What are the prime factors of 1 - (-3 + n) - -76?
2, 3
Suppose -6*m + 266 + 40 = 0. Let z(i) = -m + 31 + 26 + 4*i. List the prime factors of z(3).
2, 3
List the prime factors of (-2020)/(-25)*(-300)/(-40).
2, 3, 101
Suppose 0 = 2*f + 15 + 9. Let q(d) = 3*d**2 - d**2 + 4*d**2 + 9*d - 11 - 5*d**2. What are the prime factors of q(f)?
5
Let w = 754 + -715. List the prime factors of w.
3, 13
Let f(l) = -l**2 - 4*l - 6. Let m be f(-2). List the prime factors of m/10*-561 - 15/75.
2, 7
Let c = -80 + 58. What are the prime factors of (1 - 2/(-2))/((-1)/c)?
2, 11
Let l(z) = 44*z - 31. What are the prime factors of l(4)?
5, 29
Let y = 6 - 4. Suppose 4 = 2*p, -4*g - 3*p + 0 = -y. Let m = 10 + g. What are the prime factors of m?
3
Suppose 6*w = 3*w - 9. Let s = w + -9. List the prime factors of 43 - 3*s/9.
47
Let l be ((-670)/15)/((-4)/6). Suppose 10*y - 1243 = l. What are the prime factors of y?
131
Suppose 561 - 1629 = -3*i. List the prime factors of i.
2, 89
Let k = 35 - 15. What are the prime factors of 2308/k + 6/(-15)?
5, 23
Let p(r) = -r**3 - 19*r**2 + 6*r - 38. List the prime factors of p(-21).
2, 359
Let h(m) = m**2 + 35*m + 331. Let c be h(-13). Let r be (-7)/(1 + 1/(-2)). Let i = c + r. What are the prime factors of i?
31
List the prime factors of -5 - (2/(-2) + -560).
2, 139
Suppose 3*x + 3*j + 0*j - 21 = 0, 0 = -5*x - 2*j + 23. Suppose 99 = x*a - 3*f, 20 - 90 = -2*a + f. What are the prime factors of a?
37
Let p = 52 + -49. Suppose 2*d = -10, p*s + 0*d = 5*d + 352. List the prime factors of s.
109
Let h be -3 + 7/(7/10). Suppose -12*r + h*r = -340. What are the prime factors of r?
2, 17
Suppose o = -5*q + 22, o + q + 2 = 16. Suppose -438 + 138 = -o*l. What are the prime factors of l?
5
Let z(a) = -4 - 1 - 5*a + 3*a**3 + 7*a**2 - 4*a**3 + 4. Let k be z(6). List the prime factors of (k/(-4))/((-7)/196).
5, 7
Suppose -14*g + 10*g = -4*o - 2028, 0 = -5*o. What are the prime factors of g?
3, 13
Suppose -l - 451 = -1214. What are the prime factors of l?
7, 109
Suppose 5*m + 5*l = -25, 3*m = -2*l - 7 - 6. Let x(r) be the third derivative of r**5/60 - r**4/24 - 2*r**3/3 + 2*r**2. What are the prime factors of x(m)?
2
Let m(z) = 71*z**2 - 35*z - 11. List the prime factors of m(-4).
5, 11, 23
Suppose 2*f + 2*l - 30 = 0, l = -2*f - 11 + 36. List the prime factors of (4/f)/(4/140).
2, 7
Suppose 31 = 4*o + 3. Suppose 61 - 425 = -o*l. Let r = l - -3. What are the prime factors of r?
5, 11
Let j = 62 - 63. What are the prime factors of (-40)/(2/5*j)?
2, 5
Suppose -3355 = 37*t - 42*t. List the prime factors of t.
11, 61
Let v(a) be the third derivative of -a**6/60 + a**5/15 + a**4/6 - 8*a**3/3 - 42*a**2. List the prime factors of v(-5).
2, 157
Suppose -5*c + 29 + 1 = 0. What are the prime factors of c + -7 - (-22 + 1 + 1)?
19
List the prime factors of 120/(-36)*(-4656)/5.
2, 97
Let j be (8/(-2) + 3)*0. Suppose j = -0*y - 2*y + 8, -5*y = -2*b - 34. Let r = 10 + b. List the prime factors of r.
3
Suppose 13*u = 12*u + 297. List the prime factors of u.
3, 11
Suppose -a = -0*a + 5*v - 14, 0 = 2*a - 4*v + 14. Let g be (-1)/(a/(-5)) + -1. What are the prime factors of (51 + g)*12/15?
2, 3
Suppose 4*f - 8 + 0 = -2*t, -5*f + 3*t + 10 = 0. Let s(i) = 11 + 0*i**f + 14*i - 6 + 2*i**2. What are the prime factors of s(-7)?
5
Suppose 6*q - 3*q = 3*n + 1551, -3*n - 4*q = 1516. What are the prime factors of (n/6)/(-1) - (-20)/30?
2, 43
Suppose -10 + 4 = 3*t. Let m be (0 - t)*9/(-6). Let g(r) = -9*r - 3. What are the prime factors of g(m)?
2, 3
Suppose 260*d = 267*d - 3493. List the prime factors of d.
499
Let g(m) = -m**2 - 14*m - 9. Let i be g(-13). Suppose -k = -p - 165, -i*k = 3*p - 701 + 20. List the prime factors of k.
2, 3, 7
Suppose 2*w = -4*c + 282, 0*c = -2*w - c + 267. Suppose -3*f = -43 - w. List the prime factors of f.
2, 29
Let r(x) = 67*x**2 - 19*x - 164. What are the prime factors of r(-6)?
2, 1181
Let u(s) = s**3 - 3*s**2 - 4*s + 6. Let w be u(4). Let v(i) = -i - w + 5*i - i + 5*i**2. What are the prime factors of v(2)?
2, 5
Let f(h) = -24*h + 1. Let c be f(-1). Let v = 160 - 155. Let p = c - v. List the prime factors of p.
2, 5
Let b = 368 - -524. List the prime factors of b.
2, 223
Let k = -645 + 925. List the prime factors of k.
2, 5, 7
Suppose 1 = 3*n - 2*n. Let y(a) = 2*a - 23. Let h be y(18). Let l = h - n. List the prime factors of l.
2, 3
Suppose 2*s - 5*j + j = 662, -315 = -s - 2*j. Let h = -190 + s. What are the prime factors of h?
7, 19
Suppose 0 = 5*u - 184 - 1511. List the prime factors of u.
3, 113
Let z = -559 + 952. What are the prime factors of z?
3, 131
Let l(g) = -12*g - 2. Suppose -2*a - 3*a = 0. Let z be -3 - a - (-1 + 1). What are the prime factors of l(z)?
2, 17
Let w be 1 + 2 - (-6 + 2). Let t(y) = 5*y**2 + 2*y. Let g be t(-2). Let z = g - w. List the prime factors of z.
3
Let u(m) = 7*m + 7. Suppose 0 = 7*d - 29 + 1. What are the prime factors of u(d)?
5, 7
Suppose 3 = 5*r - 4*r. Suppose 7*u - 2*u + 4*q - 478 = 0, 0 = r*u + 4*q - 282. List the prime factors of u.
2, 7
Let i = -16 - -28. Let t = -12 + i. Suppose t = 3*b, 3*b + 9 - 26 = -p. List the prime factors of p.
17
Suppose 0 = -b - 3, m + 2*b = b - 27. Let v = m + 114. What are the prime factors of v?
2, 3, 5
Suppose -5*u + 0*u - 50 = 0. Let b = 17 + u. Let c = 9 + b. What are the prime factors of c?
2
Suppose 5*q = -2*o + 3*o - 477, 0 = 4*o - q - 1889. List the prime factors of o.
2, 59
Let f be (-5)/((-50)/4)*5. List the prime factors of 6/102*f + (-132)/(-34).
2
Let p(k) = k**3 + 2*k**2 - 6*k - 4. Let l be p(-4). Let t be (-5)/(-2)*l/(-5). Let j = 46 + t. List the prime factors of j.
2, 13
Let z = 8 - 5. Suppose 4*y = -z*a + 457, -y - a - 77 = -191. Suppose -2*j - 5*f = -0*j - 83, y = 3*j - 2*f. List the prime factors of j.
3, 13
Suppose z = -r + 3809, -3*z + r = -z - 7624. What are the prime factors of z?
37, 103
Let k be (4 + 22/(-6))*-6. Let s be (0 - -1)/(k/(-8)). Suppose 7*u = s*u + 12. List the prime factors of u.
2
Suppose -4*d - 2*u = -10, 2*d - u + 0*u = 15. Suppose -2*w = -d*w - 54. Let p = 23 + w. What are the prime factors of p?
5
Let l be 1/4 - 21/4. Let m be (-2)/(l/(60/8)). List the prime factors of (-7)/(-21) - (-38)/m.
13
Let n = 107 + -44. Let o be (16/12)/(6/n). Suppose 121 = 5*r - o. List the prime factors of r.
3
List the prime factors of 2 + 4 - (0 - 642).
2, 3
Suppose 11*c - 10*c - 173 = 0. Suppose 3*m - c = -s, -4*m - s + 37 = -193. Let l = -37 + m. List the prime factors of l.
2, 5
Let r(f) = -f**3 + 12*f**2 - 8*f + 8. Suppose -2*m + 3 = -9. Let y be r(m). List the prime factors of (y/(-20))/(2/(-5)).
2, 11
Let u = -79 + 147. Let v = 30 + u. What are the prime factors of v?
2, 7
Let d be 2/(-2) + (11 - 8). Suppose 4*h + 236 = 4*f, d*h - 65 - 137 = -3*f. What are the prime factors of f?
2
Let h(d) = 94*d**2 - 2*d + 13. List the prime factors of h(5).
13, 181
Let q = -2032